{"id":1126,"date":"2020-06-10T09:28:12","date_gmt":"2020-06-10T09:28:12","guid":{"rendered":"http:\/\/phambaohanstore.khomaudeprt.com\/?post_type=product&#038;p=1126"},"modified":"2020-06-10T09:28:12","modified_gmt":"2020-06-10T09:28:12","slug":"son-thoi-mac-matte-lipstick-mini","status":"publish","type":"product","link":"http:\/\/phambaohanstore.khomaudeprt.com\/?product=son-thoi-mac-matte-lipstick-mini","title":{"rendered":"Son Th\u1ecfi Mac Matte Lipstick Mini"},"content":{"rendered":"<p>Son Th\u1ecfi Mac Matte Lipstick Mini c\u00f3 tr\u1ecdng l\u01b0\u1ee3ng 1,8g so v\u1edbi 3g fullsize th\u00ec ch\u00fang m\u00ecnh y\u00ean t\u00e2m l\u00e0 d\u00f9ng v\u1eeba v\u1eb7n kh\u00f4ng s\u1ee3 ph\u00ed, \u0111\u1ec3 trong t\u00fai l\u1ea1i c\u1ef1c k\u00ec g\u1ecdn g\u00e0ng, v\u1eeba tay c\u1ef1c k\u00ec. D\u00f2ng Matte l\u00ec v\u1eeba ph\u1ea3i, m\u1ec1m, nh\u1eb9 m\u00f4i v\u00e0 v\u1eabn \u0111\u1ea3m b\u1ea3o l\u00e2u tr\u00f4i su\u1ed1t c\u1ea3 ng\u00e0y, ch\u1ea5t son m\u1ec1m, m\u1ecbn, nh\u1eb9, kh\u00f4ng b\u00f3ng. Son c\u00f3 th\u00eam ch\u00fat d\u01b0\u1ee1ng n\u00ean kh\u00f4ng b\u1ecb kh\u00f4 m\u00f4i.<\/p>\n","protected":false},"excerpt":{"rendered":"<p>Son Th\u1ecfi Mac Matte Lipstick Mini c\u00f3 tr\u1ecdng l\u01b0\u1ee3ng 1,8g so v\u1edbi 3g fullsize th\u00ec ch\u00fang m\u00ecnh y\u00ean t\u00e2m l\u00e0 d\u00f9ng v\u1eeba v\u1eb7n kh\u00f4ng s\u1ee3 ph\u00ed, \u0111\u1ec3 trong t\u00fai l\u1ea1i c\u1ef1c k\u00ec g\u1ecdn g\u00e0ng, v\u1eeba tay c\u1ef1c k\u00ec. D\u00f2ng Matte l\u00ec v\u1eeba ph\u1ea3i, m\u1ec1m, nh\u1eb9 m\u00f4i v\u00e0 v\u1eabn \u0111\u1ea3m b\u1ea3o l\u00e2u tr\u00f4i su\u1ed1t c\u1ea3 ng\u00e0y, ch\u1ea5t son m\u1ec1m, m\u1ecbn, nh\u1eb9, kh\u00f4ng b\u00f3ng. Son c\u00f3 th\u00eam ch\u00fat d\u01b0\u1ee1ng n\u00ean kh\u00f4ng b\u1ecb kh\u00f4 m\u00f4i.<\/p>\n","protected":false},"featured_media":1127,"comment_status":"open","ping_status":"closed","template":"","meta":[],"_links":{"self":[{"href":"http:\/\/phambaohanstore.khomaudeprt.com\/index.php?rest_route=\/wp\/v2\/product\/1126"}],"collection":[{"href":"http:\/\/phambaohanstore.khomaudeprt.com\/index.php?rest_route=\/wp\/v2\/product"}],"about":[{"href":"http:\/\/phambaohanstore.khomaudeprt.com\/index.php?rest_route=\/wp\/v2\/types\/product"}],"replies":[{"embeddable":true,"href":"http:\/\/phambaohanstore.khomaudeprt.com\/index.php?rest_route=%2Fwp%2Fv2%2Fcomments&post=1126"}],"wp:featuredmedia":[{"embeddable":true,"href":"http:\/\/phambaohanstore.khomaudeprt.com\/index.php?rest_route=\/wp\/v2\/media\/1127"}],"wp:attachment":[{"href":"http:\/\/phambaohanstore.khomaudeprt.com\/index.php?rest_route=%2Fwp%2Fv2%2Fmedia&parent=1126"}],"curies":[{"name":"wp","href":"https:\/\/api.w.org\/{rel}","templated":true}]}}