{"id":1128,"date":"2020-06-10T09:30:08","date_gmt":"2020-06-10T09:30:08","guid":{"rendered":"http:\/\/phambaohanstore.khomaudeprt.com\/?post_type=product&#038;p=1128"},"modified":"2020-06-10T09:30:09","modified_gmt":"2020-06-10T09:30:09","slug":"chi-ke-may-fox-triangular-eyebrow","status":"publish","type":"product","link":"http:\/\/phambaohanstore.khomaudeprt.com\/?product=chi-ke-may-fox-triangular-eyebrow","title":{"rendered":"Ch\u00ec K\u1ebb M\u00e0y FOX Triangular Eyebrow"},"content":{"rendered":"<p>Ch\u00ec K\u1ebb M\u00e0y FOX Triangular Eyebrow nh\u1eadp kh\u1ea9u t\u1eeb FOX Vi\u1ec7t Nam. \u0110\u1ea3m b\u1ea3o 100% v\u1ec1 ngu\u1ed3n g\u1ed1c v\u00e0 ch\u1ea5t l\u01b0\u1ee3ng t\u1eebng s\u1ea3n ph\u1ea9m \u0111\u1ebfn tay kh\u00e1ch h\u00e0ng.<\/p>\n<p>Ch\u00ec K\u1ebb M\u00e0y FOX Triangular Eyebrow \u0111\u1ea7u k\u1ebb h\u00ecnh tam gi\u00e1c, d\u1ec5 d\u00e0ng \u0111\u1ecbnh h\u00ecnh, t\u1ea1o \u0111\u01b0\u1eddng n\u00e9t thanh tho\u00e1t. C\u00f4ng th\u1ee9c s\u00e1p m\u1ec1m, m\u01b0\u1ee3t, m\u00e0. Gi\u00fap ti\u1ebft ki\u1ec7m \u0111\u01b0\u1ee3c th\u1eddi gian k\u1ebb l\u00f4ng m\u00e0y bu\u1ed5i s\u00e1ng. Ngo\u00e0i ra k\u1ebb l\u00f4ng m\u00e0y ch\u1ed1ng lem kh\u00e1 t\u1ed1t.<\/p>\n","protected":false},"excerpt":{"rendered":"<p>Ch\u00ec K\u1ebb M\u00e0y FOX Triangular Eyebrow\u00a0\u0111\u1ea7u k\u1ebb h\u00ecnh tam gi\u00e1c, d\u1ec5 d\u00e0ng \u0111\u1ecbnh h\u00ecnh, t\u1ea1o \u0111\u01b0\u1eddng n\u00e9t thanh tho\u00e1t.\u00a0C\u00f4ng th\u1ee9c s\u00e1p m\u1ec1m, m\u01b0\u1ee3t, m\u00e0. Gi\u00fap ti\u1ebft ki\u1ec7m \u0111\u01b0\u1ee3c th\u1eddi gian k\u1ebb l\u00f4ng m\u00e0y bu\u1ed5i s\u00e1ng. Ngo\u00e0i ra k\u1ebb l\u00f4ng m\u00e0y ch\u1ed1ng lem kh\u00e1 t\u1ed1t.<\/p>\n","protected":false},"featured_media":1129,"comment_status":"open","ping_status":"closed","template":"","meta":[],"_links":{"self":[{"href":"http:\/\/phambaohanstore.khomaudeprt.com\/index.php?rest_route=\/wp\/v2\/product\/1128"}],"collection":[{"href":"http:\/\/phambaohanstore.khomaudeprt.com\/index.php?rest_route=\/wp\/v2\/product"}],"about":[{"href":"http:\/\/phambaohanstore.khomaudeprt.com\/index.php?rest_route=\/wp\/v2\/types\/product"}],"replies":[{"embeddable":true,"href":"http:\/\/phambaohanstore.khomaudeprt.com\/index.php?rest_route=%2Fwp%2Fv2%2Fcomments&post=1128"}],"wp:featuredmedia":[{"embeddable":true,"href":"http:\/\/phambaohanstore.khomaudeprt.com\/index.php?rest_route=\/wp\/v2\/media\/1129"}],"wp:attachment":[{"href":"http:\/\/phambaohanstore.khomaudeprt.com\/index.php?rest_route=%2Fwp%2Fv2%2Fmedia&parent=1128"}],"curies":[{"name":"wp","href":"https:\/\/api.w.org\/{rel}","templated":true}]}}