{"id":976,"date":"2020-02-26T02:28:06","date_gmt":"2020-02-26T02:28:06","guid":{"rendered":"http:\/\/phambaohanstore.khomaudeprt.com\/?post_type=product&#038;p=976"},"modified":"2020-02-26T02:29:47","modified_gmt":"2020-02-26T02:29:47","slug":"apple-iphone-x-256gb-8","status":"publish","type":"product","link":"http:\/\/phambaohanstore.khomaudeprt.com\/?product=apple-iphone-x-256gb-8","title":{"rendered":"Apple IPhone X 256GB"},"content":{"rendered":"<p>Ch\u00fang ta v\u1eabn bi\u1ebft r\u1eb1ng, l\u00e0m vi\u1ec7c v\u1edbi m\u1ed9t \u0111o\u1ea1n v\u0103n b\u1ea3n d\u1ec5 \u0111\u1ecdc v\u00e0 r\u00f5 ngh\u0129a d\u1ec5 g\u00e2y r\u1ed1i tr\u00ed v\u00e0 c\u1ea3n tr\u1edf vi\u1ec7c t\u1eadp trung v\u00e0o y\u1ebfu t\u1ed1 tr\u00ecnh b\u00e0y v\u0103n b\u1ea3n. Lorem Ipsum c\u00f3 \u01b0u \u0111i\u1ec3m h\u01a1n so v\u1edbi \u0111o\u1ea1n v\u0103n b\u1ea3n ch\u1ec9 g\u1ed3m n\u1ed9i dung ki\u1ec3u \u201cN\u1ed9i dung, n\u1ed9i dung, n\u1ed9i dung\u201d l\u00e0 n\u00f3 khi\u1ebfn v\u0103n b\u1ea3n gi\u1ed1ng th\u1eadt h\u01a1n, b\u00ecnh th\u01b0\u1eddng h\u01a1n. Nhi\u1ec1u ph\u1ea7n m\u1ec1m thi\u1ebft k\u1ebf giao di\u1ec7n web v\u00e0 d\u00e0n trang ng\u00e0y nay \u0111\u00e3 s\u1eed d\u1ee5ng Lorem Ipsum l\u00e0m \u0111o\u1ea1n v\u0103n b\u1ea3n gi\u1ea3, v\u00e0 n\u1ebfu b\u1ea1n th\u1eed t\u00ecm c\u00e1c \u0111o\u1ea1n \u201cLorem ipsum\u201d tr\u00ean m\u1ea1ng th\u00ec s\u1ebd kh\u00e1m ph\u00e1 ra nhi\u1ec1u trang web hi\u1ec7n v\u1eabn \u0111ang trong qu\u00e1 tr\u00ecnh x\u00e2y d\u1ef1ng. C\u00f3 nhi\u1ec1u phi\u00ean b\u1ea3n kh\u00e1c nhau \u0111\u00e3 xu\u1ea5t hi\u1ec7n, \u0111\u00f4i khi do v\u00f4 t\u00ecnh, nhi\u1ec1u khi do c\u1ed1 \u00fd (xen th\u00eam v\u00e0o nh\u1eefng c\u00e2u h\u00e0i h\u01b0\u1edbc hay th\u00f4ng t\u1ee5c).<\/p>\n<p>Ch\u00fang ta v\u1eabn bi\u1ebft r\u1eb1ng, l\u00e0m vi\u1ec7c v\u1edbi m\u1ed9t \u0111o\u1ea1n v\u0103n b\u1ea3n d\u1ec5 \u0111\u1ecdc v\u00e0 r\u00f5 ngh\u0129a d\u1ec5 g\u00e2y r\u1ed1i tr\u00ed v\u00e0 c\u1ea3n tr\u1edf vi\u1ec7c t\u1eadp trung v\u00e0o y\u1ebfu t\u1ed1 tr\u00ecnh b\u00e0y v\u0103n b\u1ea3n. Lorem Ipsum c\u00f3 \u01b0u \u0111i\u1ec3m h\u01a1n so v\u1edbi \u0111o\u1ea1n v\u0103n b\u1ea3n ch\u1ec9 g\u1ed3m n\u1ed9i dung ki\u1ec3u \u201cN\u1ed9i dung, n\u1ed9i dung, n\u1ed9i dung\u201d l\u00e0 n\u00f3 khi\u1ebfn v\u0103n b\u1ea3n gi\u1ed1ng th\u1eadt h\u01a1n, b\u00ecnh th\u01b0\u1eddng h\u01a1n. Nhi\u1ec1u ph\u1ea7n m\u1ec1m thi\u1ebft k\u1ebf giao di\u1ec7n web v\u00e0 d\u00e0n trang ng\u00e0y nay \u0111\u00e3 s\u1eed d\u1ee5ng Lorem Ipsum l\u00e0m \u0111o\u1ea1n v\u0103n b\u1ea3n gi\u1ea3, v\u00e0 n\u1ebfu b\u1ea1n th\u1eed t\u00ecm c\u00e1c \u0111o\u1ea1n \u201cLorem ipsum\u201d tr\u00ean m\u1ea1ng th\u00ec s\u1ebd kh\u00e1m ph\u00e1 ra nhi\u1ec1u trang web hi\u1ec7n v\u1eabn \u0111ang trong qu\u00e1 tr\u00ecnh x\u00e2y d\u1ef1ng. C\u00f3 nhi\u1ec1u phi\u00ean b\u1ea3n kh\u00e1c nhau \u0111\u00e3 xu\u1ea5t hi\u1ec7n, \u0111\u00f4i khi do v\u00f4 t\u00ecnh, nhi\u1ec1u khi do c\u1ed1 \u00fd (xen th\u00eam v\u00e0o nh\u1eefng c\u00e2u h\u00e0i h\u01b0\u1edbc hay th\u00f4ng t\u1ee5c).<\/p>\n","protected":false},"excerpt":{"rendered":"<p>Ch\u1ea5t li\u1ec7u: da th\u1eadt<\/p>\n<p>M\u00e0u: xanh tr\u1eddi, \u0111\u1ecf, x\u00e1m, \u0111en, ghi<\/p>\n<p>K\u00edch th\u01b0\u1edbc: 60 x 200 x 40cm<\/p>\n<p>B\u1ea3o h\u00e0nh: 1 n\u0103m<\/p>\n<p>T\u00ecnh tr\u1ea1ng: c\u00f2n h\u00e0ng<\/p>\n<p>B\u1ed9 c\u1ed1c l\u00e0m b\u1eb1ng g\u1ed7 t\u00e1o t\u00e0u c\u00e0n g ng\u00e0y c\u00e0ng \u0111\u01b0\u1ee3c nhi\u1ec1u ng\u01b0\u1eddi trong gi\u1edbi s\u00e0nh tr\u00e0 t\u00ecm \u0111\u1ebfn, b\u1edfi khi th\u01b0\u1edfng th\u1ee9c tr\u00e0 ngon, ai c\u0169ng mu\u1ed1n c\u00f3 cho m\u00ecnh m\u1ed9t b\u1ed9 ph\u1ee5 ki\u1ec7n tr\u00e0 \u0111\u1eb9p, \u0111\u1ed9c, b\u1ec1n. V\u1edbi b\u1ed9 \u0111\u00f4i c\u1ed1c g\u1ed7 + th\u00eca n\u00e0y b\u1ea1n s\u1ebd th\u00eam t\u1ef1 tin khi ti\u1ebfp \u0111\u00e3i kh\u00e1ch qu\u00fd hay b\u1ea1n b\u00e8, v\u1eeba th\u1ec3 hi\u1ec7n s\u1ef1 tr\u1ecdng th\u1ecb hi\u1ebfu kh\u00e1ch<\/p>\n","protected":false},"featured_media":968,"comment_status":"open","ping_status":"closed","template":"","meta":[],"_links":{"self":[{"href":"http:\/\/phambaohanstore.khomaudeprt.com\/index.php?rest_route=\/wp\/v2\/product\/976"}],"collection":[{"href":"http:\/\/phambaohanstore.khomaudeprt.com\/index.php?rest_route=\/wp\/v2\/product"}],"about":[{"href":"http:\/\/phambaohanstore.khomaudeprt.com\/index.php?rest_route=\/wp\/v2\/types\/product"}],"replies":[{"embeddable":true,"href":"http:\/\/phambaohanstore.khomaudeprt.com\/index.php?rest_route=%2Fwp%2Fv2%2Fcomments&post=976"}],"wp:featuredmedia":[{"embeddable":true,"href":"http:\/\/phambaohanstore.khomaudeprt.com\/index.php?rest_route=\/wp\/v2\/media\/968"}],"wp:attachment":[{"href":"http:\/\/phambaohanstore.khomaudeprt.com\/index.php?rest_route=%2Fwp%2Fv2%2Fmedia&parent=976"}],"curies":[{"name":"wp","href":"https:\/\/api.w.org\/{rel}","templated":true}]}}